f?
30
Suppose 7*b + 4*i = 12*b - 1477, 0 = 5*i - 10. Let x = 417 - b. Calculate the highest common divisor of 300 and x.
60
Let r(t) = 15*t - 24. Let d = -390 + 400. Let h be r(d). Calculate the greatest common divisor of h and 98.
14
Let g(v) = 104*v - 482. Let f be g(5). What is the greatest common divisor of f and 1577?
19
Suppose -4*r + 3415 = -3*p, -43*r + p - 1715 = -45*r. What is the highest common factor of r and 184?
8
Let h = -2733 + 3057. Calculate the greatest common divisor of h and 24.
12
Suppose 135*m + 277 - 56 = 152*m. What is the greatest common factor of 9 and m?
1
Let b = 22 + -30. Let y be (b - (-2 + -2)) + 2. Let c be (y + 2/4)/((-4)/40). What is the greatest common factor of c and 165?
15
Suppose -355*c + 117147 = -142003. Calculate the highest common factor of c and 30.
10
Let f = 123 + -120. Suppose -8*i + f*i - 4*v + 53 = 0, 3*v + 30 = 4*i. Let p = 35 + -23. What is the greatest common factor of i and p?
3
Let o be 1*(-6)/8 - 1143/(-36). Let w be (-2)/(-8) - o/(-4). Suppose w*t + 156 = 11*t. What is the greatest common factor of 13 and t?
13
Let b be 12654/555*20/6. What is the greatest common factor of b and 1007?
19
Let u(i) = -i**2 - 20*i - 45. Let t be u(-13). Let p be (32/20)/((-6)/(-165)). Let r = t - p. Calculate the greatest common factor of r and 22.
2
Let a be (-1)/((-1 + 6)/(-1105)). Suppose -68 = -2*y - 2*y. What is the highest common divisor of y and a?
17
Let q = -289 + 284. Let n be (-1)/(-4 - q) - -3. What is the greatest common factor of n and 6?
2
Let f = 1405 + -1291. What is the highest common factor of f and 19836?
114
Let n = -140 + 239. Let t = -123 + 127. Suppose 3*p + t*x + 34 = 6*p, -5*x = 5*p - 115. What is the highest common divisor of p and n?
9
Suppose 0 = 1349*j - 1283*j - 5412. Calculate the greatest common divisor of j and 22.
2
Suppose 11*a - 40*a = 0. Suppose a = -c + x + 86, -2*x - 2*x - 174 = -2*c. Calculate the highest common divisor of 272 and c.
17
Suppose 72 = 5*g - 4*s, -2*s = 3*g - 16 - 36. Suppose -x - r + 24 = -5*r, -5*x - 5*r + 45 = 0. What is the highest common divisor of g and x?
4
Let q(f) = f**3 - 10*f**2 - 4*f + 15. Let c be q(10). Let y = 83 + c. What is the greatest common factor of y and 203?
29
Let o be 218/1090 + (6949/5)/1. Calculate the highest common factor of o and 10.
10
Let b(j) = -15*j + 480. Let d be b(30). Let v(a) = 3*a**3 + 3*a**2 - a - 2. Let l be v(-2). Let y = -2 - l. Calculate the highest common divisor of d and y.
10
Suppose -n + 6354 = -5*r, -2*r - 2543 = 3*n - 2*n. Let o be (-3)/(-7) - r/7. Let k be (1*6/(-1))/((-9)/21). Calculate the highest common divisor of k and o.
14
Let u = 7751 - 7715. Let l(d) = 36*d + 12. Let y be l(6). Calculate the greatest common factor of u and y.
12
Let c = -4983 - -5196. Calculate the greatest common divisor of c and 923.
71
Let p = 21987 - 21985. Let v be ((-6)/(-4))/((-3)/4). Let k be -7 + p - v - -131. Calculate the highest common divisor of 8 and k.
8
Let h(w) = -w**3 + 8*w**2 + 4*w + 10. Let i be h(8). Suppose 10 - 14 = 4*y. Let g be y - 30/(-24) - 502/(-8). Calculate the greatest common factor of g and i.
21
Suppose 533*t - 5*f + 109 = 535*t, 4*f = 28. Calculate the greatest common factor of t and 1480.
37
Suppose -106 = -5*d + 2*q, 5*q = -2*d - 29 + 83. Suppose 2*h - 3*f = -246 + 438, 2*f = 4*h - 392. What is the highest common factor of d and h?
11
Let p(i) = -i + 6. Let l(c) = 33*c + 24. Let o(v) = -2*l(v) - 42*p(v). Let u be o(-14). Calculate the greatest common factor of u and 99.
9
Let w = -311 - -325. Suppose -w = -21*p + 112. Calculate the highest common factor of 432 and p.
6
Let f(w) = 243*w - 2864. Let k be f(12). What is the highest common divisor of 36 and k?
4
Let l(y) = 105*y + 21978. Let v be l(-22). Calculate the greatest common factor of v and 132.
132
Let s(r) = -2*r - 3. Let w be s(-6). Let c = 1582384 + -1582240. Calculate the greatest common divisor of w and c.
9
Let o = -205 + 228. Let u(l) = 14*l**2 - 16*l + 75. Let g be u(6). What is the greatest common factor of o and g?
23
Let q(o) = 13*o + 16. Let t be q(5). Suppose -4*i + t = -i. Suppose a = z + i, -z - 4*z - 112 = -4*a. Calculate the greatest common factor of a and 184.
23
Let z(u) = u**2 + 14*u + 17. Let s be z(-16). Let i be 1113/s - (-2)/7. What is the greatest common divisor of i and 2?
1
Suppose -30 = g - 27, -3*r + 29109 = -5*g. Calculate the highest common divisor of r and 130.
26
Suppose -51*p + 337 = -167 - 57. Suppose 0 = 3*a - 568 - 785. What is the greatest common factor of a and p?
11
Suppose -21*v + 20 = -c - 26*v, 4*c + 4*v = 0. Suppose -1445 = -10*d + c*d. What is the greatest common divisor of 51 and d?
17
Let l = 1562 + -1532. Let z(s) = 2*s - 3. Let j be z(3). Suppose -3*f - j = -33. What is the greatest common factor of f and l?
10
Let c be (-5 - (-5 - -1))*9 - -2183. Calculate the greatest common factor of c and 2.
2
Let p = -3832 + 3965. What is the greatest common factor of 247 and p?
19
Let i = -7788 + 7815. Calculate the greatest common divisor of i and 14796.
27
Let p be (-2 - -2) + (2 - 5 - 10). Let b be (30*4/14)/(p/(-91)). Let j = -47 + 71. What is the highest common factor of j and b?
12
Let t be (250492/(-484))/(3/(-33)). Calculate the highest common factor of t and 1.
1
Let d = -2 - 0. Suppose 14*w + 224 - 56 = 0. Let n be (-98)/w - d/(-12). Calculate the greatest common divisor of 48 and n.
8
Let a(b) = 4*b**2 - 6*b - 3. Let h be a(-1). Let c(j) = -j**3 + 13*j**2 - 6*j - 5. Let d be c(h). What is the highest common divisor of 26 and d?
13
Let l(z) = -20*z + 250. Let v be l(7). What is the greatest common divisor of 30 and v?
10
Suppose -4*l - 6 = -6*l. Let s be (l/2)/(18/948). Suppose s*d - 396 = 75*d. What is the greatest common factor of 33 and d?
33
Let g = -3703 + 5750. Calculate the greatest common factor of 46 and g.
23
Suppose -180 = 2*t - 4*t. Let q(w) = 10*w**2 + 9*w - 10. Let c be q(1). Suppose 0 = 20*n + c*n - 290. Calculate the highest common divisor of n and t.
10
Let q(l) = -210*l + 1498. Let d be q(7). Calculate the highest common factor of d and 3493.
7
Suppose -2*t = -y + 11, 0 = -4*t + 5*y - 19 - 6. Let o = 47 - t. Calculate the greatest common divisor of o and 52.
52
Let s(y) = -y**3 - 6*y**2 - 7*y - 3. Suppose 0*n + 2*n + 12 = 0. Let q be s(n). Suppose q = 2*j + 13. What is the greatest common factor of j and 91?
13
Let u be (32/10)/(1/5). Let y(n) = n**2 - n - 29. Let w be y(6). Suppose u = l - 3*m, 0 = l + m - 9 + w. What is the highest common factor of l and 1?
1
Let v = -43 - -47. Suppose 382 = v*q - 278. What is the highest common divisor of q and 33?
33
Let b be ((-34)/(-51))/(200/(-105) - -2). What is the highest common factor of 3941 and b?
7
Let p(l) = l**3 - 52*l**2 - 139*l + 82. Let j be p(55). What is the greatest common factor of 2604 and j?
84
Suppose 0 = 85*w - 8582 + 6967. Calculate the highest common divisor of 8702 and w.
19
Suppose -15*y = -14*y - 3. Suppose 3*d - 4*d = -y*o + 3, -d - 3 = -5*o. Suppose -11*h + 9*h + 220 = o. Calculate the greatest common factor of 22 and h.
22
Suppose 0 = -72*n + 1019 + 925. What is the greatest common divisor of n and 504?
9
Suppose -5*n - 221 = -3*r, -2*r = 2*r + 3*n - 285. Let c(l) = -279*l + 3795. Let d be c(13). Calculate the greatest common divisor of d and r.
24
Let y = 281 + -401. Let k = y + 270. Suppose 0 = -i + 16*i - k. What is the highest common divisor of i and 35?
5
Let z(k) = 10*k**3 - 6*k**2 - 2*k + 18. Let f be z(2). Suppose 0 = -4*h - d + 144, 5*d - 5 - 155 = -4*h. What is the highest common factor of f and h?
35
Suppose 4*i - i = 132. Let h(y) = y**3 + y**2 - y + 4. Let z be h(0). Let k = z + i. Calculate the highest common divisor of k and 12.
12
Let f be (-9)/(75/(-35) - -2). Suppose f - 23 = 4*m. Calculate the greatest common divisor of 40 and m.
10
Suppose 5*t = -12 + 172. Suppose 38*f - 16 = 136. What is the highest common factor of f and t?
4
Suppose -2*h + 3 = -1. Let c be (0 - -1)/(h/64). Let v(a) = 16*a**2 + 127*a + 40. Let j be v(-8). Calculate the greatest common divisor of j and c.
16
Let v = -409 - -403. Let b be 269 - ((-48)/(-8))/v. What is the greatest common divisor of 10 and b?
10
Let v = 6302 - 5566. What is the highest common divisor of 64 and v?
32
Let p(j) = 220*j - 3802. Let y 